e?
False
Is 839676127 a prime number?
True
Is 5000817541 a composite number?
True
Is 4328402857 a prime number?
False
Is 1222785787 a prime number?
True
Is 198286643 a prime number?
True
Is 25016207 a composite number?
False
Is 271102910693 prime?
False
Is 157223357 a prime number?
True
Is 1484892953 a prime number?
True
Is 4977176123 prime?
False
Is 11822261 a prime number?
False
Is 29421769133 prime?
False
Is 5781464089 a composite number?
False
Is 104543472881 prime?
False
Is 13207818131 prime?
False
Is 135102032441 a composite number?
False
Is 52936517837 prime?
False
Is 733372807 a composite number?
False
Is 4462917377 prime?
False
Is 31742083 composite?
False
Is 26281155335 prime?
False
Is 130308618617 a prime number?
False
Is 128149210391 prime?
False
Is 20680996159 composite?
False
Is 7302512863 a composite number?
True
Is 66133031 a composite number?
False
Is 375546733 prime?
False
Is 372357019 a prime number?
False
Is 78831287 prime?
False
Is 15709422107 a prime number?
False
Is 22016319779 composite?
False
Is 9397114057 a prime number?
True
Is 447611299 prime?
True
Is 68733707153 a composite number?
False
Is 1269166981 a prime number?
True
Is 1383161771 a prime number?
False
Is 79782518677 a composite number?
True
Is 3618689423 prime?
True
Is 14542198637 composite?
True
Is 1452152731 a composite number?
False
Is 12420599637 composite?
True
Is 1566754093 a prime number?
True
Is 12574337551 a composite number?
True
Is 227879279 a composite number?
True
Is 3615613531 prime?
False
Is 995440601 composite?
False
Is 857027515 a prime number?
False
Is 170116068371 prime?
True
Is 2398722479 a composite number?
False
Is 539148756091 composite?
True
Is 11987171503 a prime number?
True
Is 3884376233 a composite number?
True
Is 41632284277 a prime number?
True
Is 630702803 a prime number?
False
Is 108759803 a composite number?
True
Is 7991185427 composite?
True
Is 55553107 prime?
False
Is 49302425069 a prime number?
True
Is 49583597507 prime?
False
Is 2381998637 a composite number?
True
Is 68965619 a prime number?
True
Is 3826822873 a composite number?
False
Is 41378725763 composite?
True
Is 9144622419 a prime number?
False
Is 733298771 prime?
True
Is 92046167257 a composite number?
True
Is 1174128181 a composite number?
False
Is 537144109 composite?
False
Is 237832114181 a prime number?
True
Is 14677928402 a prime number?
False
Is 8981696837 a composite number?
False
Is 2527927651 a composite number?
True
Is 605564569 composite?
False
Is 139590432409 a composite number?
False
Is 562520923 prime?
True
Is 500586631 composite?
True
Is 8799089141 a prime number?
False
Is 675975869 a composite number?
False
Is 1930336301 a composite number?
False
Is 14331747107 prime?
True
Is 66254576863 a prime number?
True
Is 3801519101 prime?
True
Is 6399895753 a composite number?
True
Is 47690730443 a prime number?
True
Is 10879392737 a composite number?
False
Is 1293925883 a composite number?
False
Is 20754047 prime?
True
Is 5928901601 a prime number?
False
Is 808074569 composite?
False
Is 2048152789 a composite number?
False
Is 26345782499 composite?
False
Is 139465469657 a composite number?
False
Is 198329123 composite?
True
Is 135432979 prime?
False
Is 251275796337 composite?
True
Is 3793121351 prime?
True
Is 1162732447 a composite number?
True
Is 1263262799 a prime number?
True
Is 2047207181 a composite number?
False
Is 30025107799 prime?
True
Is 23657114027 composite?
False
Is 1234739483 a composite number?
False
Is 30810830341 composite?
True
Is 9339126163 composite?
True
Is 6435590129 a prime number?
False
Is 1218783577 composite?
True
Is 3494977099 prime?
True
Is 7450778719 a composite number?
False
Is 2958822859 a composite number?
False
Is 169429811 a prime number?
False
Is 404494901 prime?
False
Is 1499249177 a composite number?
True
Is 2647295713 a prime number?
True
Is 693337147 a composite number?
False
Is 64268873 composite?
False
Is 23452311013 prime?
True
Is 14790652547 composite?
True
Is 1383449917 prime?
False
Is 138675121021 a composite number?
False
Is 488519002673 a prime number?
False
Is 34558220159 a composite number?
False
Is 24117167 prime?
True
Is 1464995041 prime?
True
Is 9442738603 prime?
False
Is 14324170479 a prime number?
False
Is 579713111 prime?
True
Is 63021681299 composite?
False
Is 287035732223 composite?
True
Is 79503830491 a prime number?
True
Is 140806594061 prime?
False
Is 52337263721 prime?
False
Is 20835501397 composite?
False
Is 309913343 prime?
False
Is 4247696423 a composite number?
True
Is 1110833431 a prime number?
False
Is 593883187 a composite number?
False
Is 137524297 prime?
True
Is 1475832149 composite?
True
Is 2289456677 composite?
False
Is 25722540971 prime?
True
Is 3497691811 a composite number?
True
Is 587500237 a composite number?
True
Is 757403071 prime?
True
Is 5092630723 prime?
True
Is 611951209 composite?
False
Is 60029796011 a prime number?
False
Is 13852841789 prime?
True
Is 31645016537 a composite number?
True
Is 300337931693 composite?
False
Is 3362938653 composite?
True
Is 23156159317 prime?
True
Is 36638262863 composite?
True
Is 932309213 composite?
True
Is 25707071433 a prime number?
False
Is 1088550917 a composite number?
True
Is 1108544659 prime?
True
Is 46997578897 composite?
True
Is 24149802059 composite?
True
Is 824770877 composite?
True
Is 6127660401 a prime number?
False
Is 2136985621 a prime number?
True
Is 1540266461 a composite number?
True
Is 24193081559 composite?
False
Is 1252562827 a prime number?
True
Is 4528529573 prime?
True
Is 31246147567 a composite number?
False
Is 309568418623 prime?
True
Is 2846968519 prime?
False
Is 18446089849 composite?
True
Is 4229102513 composite?
False
Is 8384335627 composite?
True
Is 26622800027 a prime number?
False
Is 29304658651 prime?
False
Is 1991473513 a composite number?
False
Is 2580088183 composite?
False
Is 27633176321 a composite number?
True
Is 2008508581 composite?
False
Is 228173789 a composite number?
False
Is 651581891 a prime number?
True
Is 12549377821 a prime number?
False
Is 6869857273 a composite number?
False
Is 2735027351 a composite number?
True
Is 44183472053 a prime number?
False
Is 319901077 prime?
True
Is 748169537 a composite number?
False
Is 1301818187 a prime number?
True
Is 28512046873 a composite number?
False
Is 55228294981 composite?
False
Is 107200995227 a composite number?
True
Is 54984622409 a prime number?
True
Is 1757661897 composite?
True
Is 84259663 composite?
True
Is 6119019713 a composite number?
False
Is 7691708863 composite?
False
Is 667439099 composite?
False
Is 8254751555 composite?
True
Is 4730793311 a prime number?
False
Is 26132837047 prime?
False
Is 8129254841 a composite number?
True
Is 36648896173 prime?
False
Is 9248682683 composite?
True
Is 4509485969 composite?
True
Is 71648098741 a prime number?
True
Is 244851967 prime?
True
Is 972789799 composite?
True
Is 71835797453 prime?
False
Is 96414456703 composite?
False
Is 713854087 a prime number?
False
Is 265543679 a prime number?
False
Is 707895073 prime?
True
Is 20937619 prime?
True
Is 3022124387 prime?
False
Is 263277797 a prime number?
True
Is 1437084197 composite?
True
Is 77355349 composite?
False
Is 7396860589 a prime number?
True
Is 31379926411 a prime number?
True
Is 1957331707 a prime number?
False
Is 8561151311 composite?
False
Is 48977155783 composite?
False
Is 455410814 a composite number?
True
Is 851136379 composite?
True
Is 778845913 a prime number?
False
Is 70088244781 a composite number?
False
Is 72541742853 composite?
True
Is 111193900511 a prime number?
False
Is 22823621727 a composite number?
True
Is 18803566745 a prime number?
False
Is 6000178127 prime?
True
Is 86403443719 a prime number?
False
Is 77359739 a prime number?
False
Is 2497148137 prime?
False
Is 152923242497 composite?
False
Is 27135704117 a prime number?
True
Is 624525853 prime?
False
Is 8392544807 composite?
False
Is 10591287281 a prime number?
True
Is 21534259157 composite?
False
Is 15110930581 composite?
True
Is 18236353001 prime?
False
Is 1452627331 composite?
False
Is 1283190929 composite?
True
Is 2029942909 a composite number?
True
Is 320082149 a composite number?
False
Is 309090995 a prime number?
False
Is 32924661307 a prime number?
False
Is 945689947 